6). Suppose 4*d + q - 128 = 5*q, 0 = -4*d + 2*q + h. What is the tens digit of d?
3
Let n(u) = -u**2 - u + 4. Let m be n(-3). Let y be -1 + 2 + 1*8. Let a = y + m. What is the units digit of a?
7
Let p(j) = 2*j**2 + 7*j + 12. What is the units digit of p(-3)?
9
Let u(z) = 0*z**3 + z**3 + z**2 - 4*z**2 - 4*z**2 + 6. What is the units digit of u(7)?
6
Let l be 33/(-6)*4*-2. Suppose 0 = 4*k - 8*k + l. What is the units digit of k?
1
What is the tens digit of (1664/(-35) + 4/10)*-7?
3
Suppose -v = -2*c - 2, 0*c - 5*c = 3*v - 6. Suppose 0*d = -v*d + 4*i + 14, -3*i - 17 = 5*d. Let y(z) = 3*z**2 + z. What is the units digit of y(d)?
2
Let b(y) = -2*y + 2. Let l be b(7). What is the units digit of l/3*(-3)/2?
6
Let h(a) be the third derivative of a**5/60 + 5*a**4/24 - a**3/6 + 3*a**2. What is the tens digit of h(4)?
3
Let s(p) = -p + 5. Let d be s(5). Suppose -7*w + 2*w + u + 64 = d, 2*w - 12 = -3*u. What is the tens digit of w?
1
Let i = 108 - 58. Suppose -5 - 3 = p - 5*k, -5*k + i = 5*p. Let r = 3 + p. What is the tens digit of r?
1
Let t = -8 - -10. Let p(v) = 0 + 4 - 3*v - 4*v + 2*v**t. What is the units digit of p(4)?
8
Suppose 3*d + 12 = 3. What is the units digit of (-1 - -4)/(d/(-14))?
4
What is the tens digit of ((-2)/5)/(2/(-110))?
2
Suppose -175 = s - 6*s. Suppose a - 3*q = 6*a - 13, -5*q = -3*a + s. Suppose -85 = -10*x + a*x. What is the tens digit of x?
1
Let m = 229 - 134. What is the tens digit of m?
9
Suppose 4*a + 4 = 0, 6*a - 9*a = 2*x - 229. What is the hundreds digit of x?
1
Let w = 4 + -5. Let c be 19 - w - (1 + -1). Suppose 4*g + 0*g - c = 0. What is the units digit of g?
5
Suppose 3*t - 53 + 8 = 0. What is the tens digit of t?
1
Suppose 9 = 3*z - 21. Suppose z = -a + 6*a. Suppose 3*i = -4*y + 15, -i - 3*i + a*y = 2. What is the units digit of i?
1
Let f(z) = z**2 - 7. Let n(k) = k**2 - 7. Let w(p) = 5*f(p) - 6*n(p). Let r be w(0). Let x(y) = y**2 - 6*y - 5. What is the units digit of x(r)?
2
Suppose -195 = -4*i - 59. What is the units digit of i?
4
Suppose -17*r - 372 = -21*r. What is the tens digit of r?
9
Let s(y) = 2*y**2 - y + 2. Let b be (-6)/2 + (-6)/(-6). What is the tens digit of s(b)?
1
Let s(w) = w**2 + 2. Let f be s(0). Suppose -3 = u, 103 = 5*k - 5*u - f. What is the units digit of 1 - (k/(-3))/3?
3
Suppose 0 = -l + 31 + 11. What is the tens digit of l?
4
Suppose 5*n = 4*k + 86 - 259, -4*k + 2*n = -182. What is the units digit of k?
7
Let u(y) = y**2 - 1. Let b be u(3). Let k = b - 2. Let a = k + -4. What is the units digit of a?
2
Suppose -3*r - 4*t = 27, -r = t + 3 + 6. Let g = 19 + r. Suppose 4*u - 3*d - g = 0, -8 - 4 = -u - 4*d. What is the units digit of u?
4
Let k be -2 - 0 - (-12 + 4). Let c(p) = p**3 - 5*p**2 - 6*p + 2. What is the units digit of c(k)?
2
Suppose -16 = -2*y + 4*d, -4*y - y + 7 = d. Let u(h) be the first derivative of h**4/2 + h**3/3 + h**2 - 3*h + 1. What is the units digit of u(y)?
1
Let t = 1 + 4. Let i(v) = -10*v - t + 4 + 0. What is the units digit of i(-2)?
9
Suppose -4*a - a = -25. Suppose a*b - 4*b - 10 = 0. Suppose -4*j = 2 - b. What is the units digit of j?
2
Let m(r) = 1. Let v(n) = 9*n. Let c(p) = 3*m(p) + v(p). What is the tens digit of c(3)?
3
Suppose u = 5*q - 2, -5*q + 82 = -4*u + 14. Let m = u - -34. What is the tens digit of 117/m - 2/(-8)?
1
Suppose 2*p - 7 - 5 = 0. Suppose -p*s + 45 = -3*s. What is the units digit of s?
5
Suppose 6*d - 232 = -2*s + 10*d, -2*d - 434 = -4*s. What is the tens digit of s?
0
Suppose 9 = -2*y + 3*y. Let n = y + -1. What is the units digit of n?
8
What is the tens digit of (3 - (-4)/(-8))*12?
3
Let t(v) be the third derivative of v**5/60 + 7*v**4/24 + 5*v**3/3 - 5*v**2. What is the units digit of t(-6)?
4
Let t(c) = 2*c**2 + 6*c - 5. Suppose 0*z = -5*h - 2*z - 19, 3*h + 6 = -3*z. What is the tens digit of t(h)?
1
Suppose -1 = 4*u - 33. Suppose -5*j + u = -12, 0 = 2*r + 3*j - 88. What is the tens digit of r?
3
Let m = -4 - -57. What is the tens digit of m?
5
Suppose -3*h + 3*d + 108 = 2*d, d + 144 = 4*h. What is the units digit of h?
6
Let o = 2 - 1. Let d = 0 + o. What is the units digit of d?
1
Let k be 5/15 - (-20)/(-6). What is the tens digit of 0 - (-30 - (1 + k))?
2
Suppose 0 = 9*q - 12*q + 216. What is the tens digit of q?
7
Suppose -9*m = -16*m + 875. What is the units digit of m?
5
Let b(f) = -2*f**3 - 2*f**2 - 2*f - 2. What is the units digit of b(-2)?
0
Let m = 1237 - 826. What is the tens digit of m?
1
Let x = -1 - -2. What is the units digit of x?
1
Suppose -2*s + 37 = 3*d - 5, 0 = 5*s - 5*d - 55. Let p = s - 21. What is the units digit of ((-3)/(-2))/(p/(-8))?
2
Suppose -5*z + 25 = -35. What is the units digit of z?
2
Suppose -5*l - 4*c + 1300 = 0, -l - 787 = -4*l - c. Suppose -5*g = 64 - l. What is the tens digit of g?
4
Let k(s) = -3*s**3 + 2*s + 2. Let a be k(-2). Let n = 1 + 8. Let w = a - n. What is the units digit of w?
3
Let q(a) = a - 1. Suppose -3*g = -2*b - 1, -5 = 2*g - 4*b - 3. Suppose 2*y = y - i + 8, 3*y - 2*i + g = 0. What is the units digit of q(y)?
2
Let v be 16/6*(-6)/2. Let s(o) be the third derivative of -o**6/120 - 2*o**5/15 - o**4/12 - o**3 + 7*o**2. What is the units digit of s(v)?
0
Suppose -3*x - 5 = 22. Let y = x + 17. What is the units digit of y?
8
Let q(h) = 5*h**2 - 2*h + 2. Let z be q(2). Suppose -4*k + z = -18. What is the units digit of k?
9
Let k(c) = c - 13. Let d be k(11). What is the tens digit of 78/(-24)*8/d?
1
Let y(q) = q - 3. Let p be y(7). Suppose -p*w - 18 = -4*z - 2*w, -1 = 2*z - 3*w. What is the units digit of z?
7
Let w(m) = m**2 - m. Let y be w(-2). Let s = 1 - y. Let t(n) = -n**2 - 7*n - 1. What is the units digit of t(s)?
9
Suppose 0*m = 5*m - 110. What is the tens digit of m + 4/4 + -2?
2
Suppose -3*j = -5*t + 336, -5*t + 4*j + 38 = -295. What is the tens digit of t?
6
Suppose -4*j + 2*y + 108 = 0, 4*y + y = j - 27. Let l be (-4 - -2) + (-16 - -2). Let p = l + j. What is the units digit of p?
1
Suppose 0 = v + j - 5*j + 10, -2*v + 5*j = 8. What is the units digit of v?
6
Suppose -3*f + 1283 = 4*b - 2*f, 4*b - 1274 = 2*f. What is the hundreds digit of b?
3
Let b(u) = 8*u + 1 - 3 - 1 + 2. Let f be b(-2). Let v = f + 27. What is the units digit of v?
0
Let z = -13 + 18. Suppose z*r = -s + 43, 5*s + 0*s - 4*r = 186. What is the units digit of s?
8
Suppose 2*h - 98 = -0. What is the tens digit of h?
4
Let a(o) = 5*o - 4. Let y(x) = 14*x - 13. Let u(j) = -7*a(j) + 2*y(j). What is the units digit of u(-2)?
6
Let g = -6 - -5. Let j = g - -15. Suppose -j = -3*q + 13. What is the units digit of q?
9
Suppose -i + 1 = -19. What is the tens digit of i?
2
Suppose -2*j - f - 11 = 0, -2*j + 2*f - 20 = j. Let r be ((-15)/(-9))/(1/j). Let s = -5 - r. What is the units digit of s?
5
Let z(w) = w**2 - 10*w - 7. What is the units digit of z(12)?
7
Suppose -6*f = -f - 370. What is the tens digit of f?
7
Let u be 16/(-4)*(-9)/4. Suppose t = 2*t - u. What is the units digit of t?
9
Let y(l) be the first derivative of l**3/3 + l**2/2 + 8*l - 3. Let t be y(6). Suppose -5 = 5*m - t. What is the units digit of m?
9
Suppose -2*a + 7 = 1. What is the units digit of a?
3
Let q(t) = -t + 1. Let m(g) = -2*g + 10. Let z be m(7). What is the units digit of q(z)?
5
What is the units digit of (-6)/15 - 528/(-20)?
6
Let t(g) = -9*g**3 + g**2 + g. Let m be t(-1). Let p be 20/3 - (-3)/m. Suppose -3*c = 0, p*j - 4*j + 4*c - 3 = 0. What is the units digit of j?
1
Let h(y) = 2*y - 6. Let w be h(5). Let o be 1/(-2) + 10/w. Suppose -p + 10 = 3*p + o*x, -3*x = 3*p. What is the units digit of p?
5
Let n(g) = -19*g - 9. What is the units digit of n(-7)?
4
Let y(l) = 3*l - 4. Let p(z) = -4*z**3 + z**2 + z + 1. Let o be p(-1). What is the units digit of y(o)?
1
Let o(w) be the third derivative of -7*w**4/24 - 5*w**3/6 + 7*w**2. What is the tens digit of o(-3)?
1
Suppose i = -4*f + 237, -3*f = -0*i - 3*i - 159. What is the units digit of f?
8
Let t = -6 + 5. Let j = 11 - t. What is the tens digit of j?
1
Let v = -20 - -19. Let g = 9 + v. What is the units digit of g?
8
Let t(o) = -5*o**3 + o - 2. What is the units digit of t(-2)?
6
Let i(v) be the third derivative of -v**6/120 - 3*v**5/20 - v**4/3 + 7*v**3/6 - v**2. Let y(f) = 7*f**3 - 1. Let n be y(-1). What is the units digit of i(n)?
7
Let v(i) be the second derivative of i**5/